b and 88?
22
Let c(z) = -4*z**3 + z**2 + 3*z + 2. Let v be c(-2). Let q be 36*(-4)/(v/44). Let s = 278 + q. What is the highest common divisor of 10 and s?
10
Suppose -3*i + 9 = -0*i - 5*m, -6 = -2*i - 5*m. Suppose -5*q + 94 + 11 = 0. What is the highest common divisor of i and q?
3
Suppose -9 - 16 = -3*i + 4*h, -3*h = 5*i - 90. What is the greatest common divisor of 15 and i?
15
Suppose -83 = 5*g - 258. Suppose -g = 5*h - 5*p, 2*p - 37 = h + 7*p. Let q be 9/((h/28)/(-3)). Calculate the highest common divisor of q and 9.
9
Suppose -2*m - 2 = 10. Let t be -1*(m + 3 - 2). Let x(f) = -5*f**3 + 3*f**2 + 6*f + 5. Let r be x(-2). Calculate the highest common divisor of r and t.
5
Let z be (6/10 + 3)/(51/17000). What is the highest common divisor of 60 and z?
60
Let x = -2288 + 2350. What is the greatest common divisor of x and 775?
31
Let q = -87 - -92. What is the greatest common factor of q and 125?
5
Suppose -17*v + 12*v + 335 = 0. Let o = 89 - v. Calculate the highest common factor of o and 242.
22
Let r be ((-2)/(-5))/((-5)/(-25*13)). What is the greatest common divisor of r and 702?
26
Let a = 383 - 371. What is the highest common factor of a and 2376?
12
Let c = 4 + -2. Suppose v + c*v = 54. Suppose 2 = 22*p - 21*p. Calculate the highest common divisor of v and p.
2
Let f = -243 + 246. What is the greatest common factor of f and 75?
3
Let q be -8 - -11 - 393/3. Let s = -113 - q. What is the highest common factor of 165 and s?
15
Suppose -2*h - 4*u + 2 = -h, -h - u = -14. Let q = 29 + -29. Let f(g) = g**2 + g + 18. Let v be f(q). What is the highest common divisor of h and v?
18
Let s(o) = -22 - 74*o - 5 - 23*o**2 + 25*o - o**3. Let z be s(-21). What is the highest common divisor of 180 and z?
60
Let s = 845 + -812. Calculate the greatest common divisor of s and 319.
11
Suppose 1388 = 19*p - 740. What is the highest common divisor of p and 14?
14
Let a be (-158)/(-13) + 4/(-26). Let l = a + -10. Let r(c) = 3*c - 5. Let k be r(l). Calculate the highest common factor of 4 and k.
1
Let l be (-325)/(-3) - ((-22)/286 - 64/(-156)). Suppose -2*o + 39 = 3*h, 0 = -3*o - 0*h - 2*h + 46. Calculate the greatest common divisor of l and o.
12
Suppose -57 = -2*r + 43. Let l(d) be the third derivative of -d**4/12 - 2*d**3/3 - 3*d**2. Let b be l(-7). What is the greatest common divisor of r and b?
10
Let q = 51 - 48. Suppose 0 = m + 4*p - 8, -3*m - 5*p = -62 + q. What is the greatest common factor of 7 and m?
7
Suppose 3*u - 12 = -0*u. Suppose 0 = 3*f + f - u. Let p = -363 - -364. Calculate the greatest common factor of f and p.
1
Suppose -4*b + 221 = 5*v, 52 = -3*b - 2*v + 216. Let h(p) = 4*p**2 - 2*p - 3. Let g be h(3). What is the greatest common divisor of b and g?
27
Suppose -6*k - 45 + 129 = 0. What is the highest common factor of k and 924?
14
Let g = -29 + 85. Suppose 5*i - 8 = 7. Suppose -84 = -5*j + 5*a - 14, 4*j + i*a = 56. What is the greatest common divisor of j and g?
14
Suppose 0 = 20*n - 26 - 454. Calculate the greatest common divisor of n and 6.
6
Suppose 5*u + l - 475 = 0, -4*u - 2*l = 3*l - 401. Let g = u + -42. Calculate the highest common factor of 13 and g.
13
Let p = 4171 - 4159. Let v = 6 - -6. What is the greatest common factor of p and v?
12
Let i be (3/2)/(3/4). Suppose -2*u - 1 = -5*s, 5*u - 5*s - 7 = 13. Suppose 36 = u*o - 76. What is the highest common divisor of i and o?
2
Let p be 2*(-3)/18*-39. Let i(g) be the second derivative of -g**4/12 + 17*g**3/6 - g**2 - g. Let v be i(p). Calculate the highest common factor of v and 125.
25
Let k(s) = -s**3 + 16*s**2 - 9*s - 33. Let w be k(15). Calculate the greatest common factor of 152 and w.
19
Suppose -r - 31 + 90 = 5*i, -r + 52 = -2*i. What is the greatest common factor of r and 351?
27
Let d(s) = -8*s + 939. Let v be d(50). What is the greatest common factor of 98 and v?
49
Suppose 2*h - 97 = -r, -5*h + 10*r = 5*r - 250. Calculate the highest common divisor of h and 196.
49
Suppose -16*h = -10*h - 678. Calculate the highest common factor of 904 and h.
113
Suppose 4*m - 51 = 29. Let l be 6/2 + -49*6/(-42). What is the highest common factor of l and m?
10
Suppose 69 + 18 = -3*k. Let d be k/(-3*(-2 + (-21)/(-9))). Calculate the highest common divisor of d and 377.
29
Let r be (-845)/(-45) - 4/(-18). Suppose -23 + 202 = 3*f - 4*h, -3*f - 3*h + 165 = 0. Calculate the greatest common divisor of f and r.
19
Let z(y) = -y**3 + 2*y**2 - 31*y - 14. Let n be z(-7). Calculate the greatest common divisor of n and 140.
28
Suppose j - 3 - 1 = 0. Suppose 10 = r + r. Suppose 96 = r*w - w. Calculate the highest common divisor of j and w.
4
Suppose -n - n = -8. Let f(o) = -o - 25. Let t be f(0). Let y be (t/(-1) - n)/1. What is the greatest common divisor of 63 and y?
21
Let n be 49/((-705)/(-140) + -5). What is the highest common divisor of n and 14?
14
Suppose 8 = 11*r - 36. What is the greatest common factor of 64 and r?
4
Let s(f) be the third derivative of -1/3*f**4 + 0*f + 2*f**2 + 0 - f**3 + 1/60*f**5. Let i be s(11). What is the highest common divisor of 3 and i?
3
Suppose 138 = 4*h - 34. What is the highest common divisor of h and 731?
43
Let z = 35 + -17. Suppose -4*l = 2*t + t - z, -t + 8 = 2*l. Suppose l*a - 8*a + 400 = 0. Calculate the highest common divisor of a and 32.
16
Let v = -33 + 207. Let z = v + -135. Calculate the highest common factor of 78 and z.
39
Let o = -14 - -26. Let t be (6/(-5))/3*-5. Let l be t/(-3) + (-42)/(-9). What is the highest common factor of o and l?
4
Let j = 75 + -39. Suppose -5*d + 90 = -0*d. Suppose -24*y = -25*y + d. Calculate the highest common divisor of j and y.
18
Let y = 395 - 323. Let u(j) = -j**2 + 7*j + 2. Let q be u(6). What is the greatest common factor of y and q?
8
Let x be (-16)/(-12) + -2 - (-1100)/(-6). Let o = x - -208. Suppose 4 = 4*v, -5*v + 77 = -3*h + 6*h. What is the greatest common factor of h and o?
24
Let o = 193 - 150. Calculate the highest common divisor of o and 1849.
43
Let l = -133 + 229. Let q = -54 + l. What is the highest common divisor of 6 and q?
6
Suppose -135 = 3*x - 12*x. What is the highest common factor of x and 405?
15
Let n be 3*(35/(-15) - -2). Let b be ((-9)/(-36))/(n/(-76)). Calculate the highest common factor of b and 152.
19
Let f(b) = 4*b**2 - 15*b + 17. Let r be f(7). Let j(v) = 0*v**2 - 9*v + 2*v**2 + 2*v - 3. Let i be j(6). Calculate the greatest common divisor of i and r.
27
Let o be 10*((-4)/(-8))/(-1). Let v be (-5)/(o/3) - -22. Calculate the greatest common divisor of 175 and v.
25
Let d be (-27)/6*((-8)/(-3))/(-2). What is the highest common factor of 30 and d?
6
Suppose 29*m - 390 = 23*m. Let w(y) = 3*y**2 + y + 2. Let r be w(-3). What is the greatest common divisor of r and m?
13
Suppose -2*u = -2 - 8. Let g(v) = u + 0 - 71*v - 1 + 9. Let i be g(-4). What is the greatest common factor of i and 27?
27
Let f(u) = -13*u - 8 + 1 - 6 - 9. Let p be f(-14). What is the greatest common divisor of p and 20?
20
Let k be 3/(-5)*(-6 - -1). Suppose -k*h + h = 2*n - 52, 4*n = -16. Calculate the greatest common factor of h and 20.
10
Let q(a) = -a**2 - 7*a - 6. Let n be q(-7). Let l(j) = j**2 + 7*j + 1. Let t be l(n). Let y = 6 + t. What is the highest common factor of y and 9?
1
Let o = 2 - -7. Suppose 2*p - 3 = -1. Let c = o + p. What is the highest common factor of 4 and c?
2
Suppose -7*f - 12 + 54 = 0. Suppose 0 = 2*c + 10, -f*i + 110 = -i + 4*c. What is the greatest common factor of i and 39?
13
Let m(b) be the second derivative of 77*b**4/12 + b**3/3 - b**2 + 2*b. Let n be m(1). Calculate the highest common divisor of n and 7.
7
Let z be -5 - (49/4)/(1/(-4)). Let s(m) = -m**3 + 8*m**2 + 8*m + 13. Let g be s(9). Calculate the greatest common divisor of z and g.
4
Suppose -5*x + 25 = 3*a - 19, -5*x + 32 = -a. What is the highest common factor of x and 224?
7
Suppose 5*b - 2 + 3 = -r, -5*b + 7 = 3*r. Suppose 6*h - r*h = 18. Calculate the greatest common divisor of h and 63.
9
Let q be (-312)/(-36)*36/(5 + -1). Calculate the greatest common factor of q and 66.
6
Suppose -f = -5, 2*z - 2*f + 160 = -0*z. Let k = -30 - z. Calculate the greatest common factor of k and 18.
9
Let v = -26 + 36. Suppose -v*m + 2*m = -56. Suppose j = m + 5. What is the greatest common factor of j and 96?
12
Let d be (18/(-7))/((-11)/